 is divided by 2399?
29
What is the remainder when 248118 is divided by 71?
44
What is the remainder when 21270 is divided by 2965?
515
Calculate the remainder when 44324 is divided by 43.
34
Calculate the remainder when 1597 is divided by 36.
13
What is the remainder when 130842 is divided by 5688?
18
Calculate the remainder when 83463 is divided by 151.
111
Calculate the remainder when 2035 is divided by 487.
87
What is the remainder when 917 is divided by 770?
147
Calculate the remainder when 27657 is divided by 95.
12
Calculate the remainder when 1261 is divided by 186.
145
Calculate the remainder when 12774 is divided by 43.
3
What is the remainder when 147617 is divided by 49202?
11
What is the remainder when 35069 is divided by 29?
8
Calculate the remainder when 9138 is divided by 369.
282
Calculate the remainder when 2453 is divided by 418.
363
What is the remainder when 26411 is divided by 13196?
19
What is the remainder when 4954 is divided by 1189?
198
What is the remainder when 70651 is divided by 501?
10
Calculate the remainder when 21812 is divided by 2725.
12
Calculate the remainder when 47999 is divided by 60.
59
Calculate the remainder when 23357 is divided by 70.
47
Calculate the remainder when 950791 is divided by 42.
37
What is the remainder when 6071 is divided by 4?
3
What is the remainder when 2608 is divided by 701?
505
What is the remainder when 14543 is divided by 63?
53
What is the remainder when 80960 is divided by 286?
22
Calculate the remainder when 27854 is divided by 27823.
31
What is the remainder when 571 is divided by 417?
154
What is the remainder when 43626 is divided by 12?
6
Calculate the remainder when 28359 is divided by 5647.
124
What is the remainder when 15598 is divided by 172?
118
Calculate the remainder when 32154 is divided by 8035.
14
Calculate the remainder when 15340 is divided by 3053.
75
What is the remainder when 6884 is divided by 21?
17
What is the remainder when 108963 is divided by 39?
36
What is the remainder when 20750 is divided by 336?
254
Calculate the remainder when 18982 is divided by 122.
72
What is the remainder when 9164 is divided by 4?
0
Calculate the remainder when 21834 is divided by 1363.
26
Calculate the remainder when 62129 is divided by 317.
314
Calculate the remainder when 125358 is divided by 2321.
24
What is the remainder when 1104199 is divided by 50?
49
Calculate the remainder when 1241922 is divided by 145.
142
What is the remainder when 2330 is divided by 45?
35
What is the remainder when 22676 is divided by 140?
136
What is the remainder when 332192 is divided by 110?
102
Calculate the remainder when 54 is divided by 21.
12
What is the remainder when 2162 is divided by 527?
54
Calculate the remainder when 13913 is divided by 14.
11
Calculate the remainder when 221252 is divided by 14750.
2
What is the remainder when 63425 is divided by 634?
25
What is the remainder when 20853 is divided by 10424?
5
What is the remainder when 11811 is divided by 40?
11
Calculate the remainder when 3164 is divided by 11.
7
Calculate the remainder when 43613 is divided by 9.
8
What is the remainder when 96950 is divided by 68?
50
What is the remainder when 71872 is divided by 224?
192
Calculate the remainder when 2955 is divided by 590.
5
What is the remainder when 782 is divided by 162?
134
What is the remainder when 5835 is divided by 91?
11
Calculate the remainder when 7360 is divided by 58.
52
Calculate the remainder when 1181882 is divided by 590941.
0
What is the remainder when 169195 is divided by 49?
47
Calculate the remainder when 877 is divided by 146.
1
Calculate the remainder when 13515 is divided by 643.
12
Calculate the remainder when 2069 is divided by 743.
583
What is the remainder when 32754 is divided by 16377?
0
Calculate the remainder when 12833 is divided by 26.
15
What is the remainder when 6587 is divided by 836?
735
Calculate the remainder when 70620 is divided by 1358.
4
Calculate the remainder when 1486065 is divided by 222.
219
Calculate the remainder when 5620 is divided by 19.
15
What is the remainder when 2639 is divided by 429?
65
What is the remainder when 5633 is divided by 405?
368
What is the remainder when 11365 is divided by 622?
169
Calculate the remainder when 8514 is divided by 219.
192
Calculate the remainder when 5491 is divided by 25.
16
Calculate the remainder when 8838 is divided by 104.
102
Calculate the remainder when 44908 is divided by 93.
82
What is the remainder when 21030 is divided by 10497?
36
Calculate the remainder when 6252 is divided by 551.
191
Calculate the remainder when 38891 is divided by 257.
84
Calculate the remainder when 3531 is divided by 1709.
113
What is the remainder when 13454 is divided by 4479?
17
What is the remainder when 79587 is divided by 70?
67
Calculate the remainder when 1403716 is divided by 287.
286
What is the remainder when 20954 is divided by 676?
674
Calculate the remainder when 75094 is divided by 4.
2
What is the remainder when 2654 is divided by 8?
6
Calculate the remainder when 3776 is divided by 3757.
19
What is the remainder when 20366 is divided by 194?
190
Calculate the remainder when 18222 is divided by 79.
52
What is the remainder when 64005 is divided by 84?
81
What is the remainder when 3046 is divided by 1051?
944
What is the remainder when 27772 is divided by 217?
213
What is the remainder when 4865 is divided by 711?
599
Calculate the remainder when 4515359 is divided by 1380.
1379
Calculate the remainder when 8659905 is divided by 879.
876
What is the remainder when 415 is divided by 347?
68
Calculate the remainder when 3412 is divided by 431.
395
What is the remainder when 20686 is divided by 17?
14
What is the remainder when 612397 is divided by 306192?
13
Calculate the remainder when 24374 is divided by 318.
206
Calculate the remainder when 4167 is divided by 57.
6
What is the remainder when 7217 is divided by 497?
259
What is the remainder when 32578 is divided by 32560?
18
Calculate the remainder when 105853 is divided by 1103.
1068
What is the remainder when 93745 is divided by 17?
7
Calculate the remainder when 122669 is divided by 11151.
8
Calculate the remainder when 4310 is divided by 179.
14
Calculate the remainder when 19470 is divided by 1497.
9
What is the remainder when 135804 is divided by 87?
84
What is the remainder when 18014 is divided by 26?
22
Calculate the remainder when 1560 is divided by 143.
130
Calculate the remainder when 501113 is divided by 141.
140
What is the remainder when 972120 is divided by 251?
248
Calculate the remainder when 11003 is divided by 162.
149
Calculate the remainder when 14140 is divided by 1558.
118
Calculate the remainder when 10816 is divided by 773.
767
What is the remainder when 46132 is divided by 11513?
80
What is the remainder when 568 is divided by 268?
32
Calculate the remainder when 10002 is divided by 35.
27
Calculate the remainder when 118583 is divided by 122.
121
What is the remainder when 194211 is divided by 64723?
42
What is the remainder when 30715 is divided by 3412?
7
What is the remainder when 179562 is divided by 22444?
10
What is the remainder when 18196 is divided by 91?
87
Calculate the remainder when 492069 is divided by 609.
606
Calculate the remainder when 1988 is divided by 10.
8
What is the remainder when 3178 is divided by 105?
28
What is the remainder when 13673 is divided by 6514?
645
What is the remainder when 253759 is divided by 26?
25
What is the remainder when 87 is divided by 18?
15
Calculate the remainder when 1852 is divided by 915.
22
Calculate the remainder when 7740 is divided by 121.
117
Calculate the remainder when 3554 is divided by 21.
5
Calculate the remainder when 759 is divided by 747.
12
Calculate the remainder when 7116 is divided by 468.
96
Calculate the remainder when 1298 is divided by 397.
107
What is the remainder when 15754 is divided by 3099?
259
Calculate the remainder when 17722 is divided by 201.
34
Calculate the remainder when 25572 is divided by 1704.
12
Calculate the remainder when 9482 is divided by 1191.
1145
Calculate the remainder when 391892 is divided by 285.
17
Calculate the remainder when 352220 is divided by 63.
50
What is the remainder when 239579 i